(4). Let y be j(n). Suppose 7*h = 3*h + 28. What is the highest common factor of y and h?
7
Let s(z) be the second derivative of z**3/6 + 5*z**2 - 3*z. Let f be s(3). Calculate the greatest common divisor of 91 and f.
13
Let z = 0 - -4. Suppose -1 = o - z. Suppose 4*i + 28 = o*g - 27, 95 = 3*g + 4*i. What is the greatest common factor of g and 5?
5
Let h be 11/(-22)*108/(-3). What is the greatest common divisor of 24 and h?
6
Suppose 2*i - 188 = -3*m - 0*i, -3*m + 5*i = -223. Suppose -3*u + 20 = 2*u. Suppose j = u*j - 33. What is the highest common divisor of m and j?
11
Let g(i) = -i**3 - 7*i**2 + 12*i + 15. Let u be g(-8). Let a = 22 + u. Calculate the highest common factor of a and 25.
5
Let c = -63 - -77. Let k(t) = -t**2 + 6*t - 2. Let g be k(5). Let q be (1 + (-12)/g)*-7. Calculate the highest common factor of q and c.
7
Let l be 192/27*63/14. What is the greatest common factor of l and 84?
4
Let x be 141/9 - 2/(-6). Let c(d) = d**3 - 16*d**2. Let j be c(16). Let t(l) = l + 16. Let o be t(j). Calculate the highest common divisor of x and o.
16
Let o(y) = -4*y - 17. Suppose -z + 2*m - 4*m - 12 = 0, -5*z - 42 = 4*m. Let l be o(z). What is the greatest common factor of l and 21?
7
Let k = 1278 - 537. Calculate the highest common factor of 39 and k.
39
Let b = -129 - -277. Suppose 2*u - 4*c - 61 = 35, -4*u = 3*c - b. Calculate the greatest common factor of 5 and u.
5
Suppose -2 = l + 2. Let y = 5 + l. Let o = -7 + 15. Calculate the highest common divisor of y and o.
1
Suppose 2*l - 16 = 6*l. Let a be 1 - (-3)/((l/2)/(-12)). What is the highest common divisor of 95 and a?
19
Let d(x) = -x**2 - 6*x - 2. Let l be d(-6). Let i be l/17 - 2070/(-255). What is the highest common divisor of i and 24?
8
Let v(j) = 3*j - 9. Let l be v(5). Let y(h) = 19 - 2*h - h - l*h. Let x be y(-8). Calculate the greatest common divisor of x and 13.
13
Let y = 10 + -9. Suppose -21 = -5*w - y. Suppose -w*h + 48 = -24. Calculate the highest common divisor of 2 and h.
2
Let s(x) = -3 + 7 + 9*x - 2. Let o be s(2). Suppose 408*f = 6259 + 5981. What is the highest common factor of o and f?
10
Let u = 91 - 75. Let n = -105 + 233. Calculate the highest common factor of n and u.
16
Let v be (564/(-52) - -11) + (-414)/(-13). What is the greatest common divisor of v and 56?
8
Suppose 2*r = r + 2*a + 11, 0 = 3*r + 4*a + 17. Let d be (54/(-5))/(r/(-5)). Let l = d - -66. What is the highest common factor of 15 and l?
15
Suppose 50 = 67*o - 62*o. Calculate the highest common factor of 2 and o.
2
Let z be (-5 - 1477/(-21)) + (-8)/(-12). What is the greatest common divisor of z and 66?
66
Let m be (-4 - (-63)/14)*50. Let y(l) = 2*l**3 + 4*l**2 - 2*l - 2. Let v be y(-3). Let w be v/(-3) + 1/3. What is the greatest common factor of w and m?
5
Let x = -38 + 51. Suppose -3 - x = -4*k. Suppose -r - 8 = -3*r. What is the greatest common divisor of r and k?
4
Suppose -11*w + 280 = 170. What is the greatest common factor of 530 and w?
10
Let z be (1 - (-3 + 2)) + 2. Suppose 5*m - i - 32 = 3*m, z*m + 5*i = 36. What is the greatest common divisor of m and 21?
7
Let x = 2131 - 2129. Calculate the greatest common factor of x and 578.
2
Let o(y) = 34*y + 40. Let i be o(8). Calculate the highest common divisor of i and 39.
39
Suppose 4*a = 128 + 224. Let j(l) = -6*l - 2*l - 17 + 4*l + l + l**2. Let i be j(7). Calculate the highest common divisor of a and i.
11
Let o = -6 + 152. Suppose x = k - o, -x = -1 - 3. Calculate the highest common divisor of k and 30.
30
Let f(h) = 8 + 13*h - 5 - 1 - 3. Suppose 1 = v - 0. Let u be f(v). Calculate the highest common divisor of 24 and u.
12
Let m = 322 - 256. Calculate the highest common divisor of m and 11.
11
Let t(q) = -q. Let m(n) = 2*n. Let v(c) = 2*m(c) + 2*t(c). Let r be v(1). Let p be 15/r*(-120)/(-18). Calculate the highest common factor of p and 20.
10
Let o(x) = 5*x**3 + x**2 + 4*x. Let b be o(-3). Let t = -460 - -697. Let a = b + t. What is the greatest common factor of a and 9?
9
Suppose 3*u - 119 = -2*j, -3*u = -u + j - 78. Let k = 55 - u. Calculate the highest common factor of k and 18.
18
Suppose -25*p = -22*p + 2*h - 171, 4*p - 211 = 3*h. What is the highest common factor of 20 and p?
5
Let f = 3 - 8. Let o = f + 3. Let d = o + 11. What is the greatest common divisor of 45 and d?
9
Suppose -2*j = -j - 6. Let u(k) = -7*k + j*k + 14*k + 10 + k**2. Let z be u(-13). What is the greatest common factor of 4 and z?
2
Let o be (-3629)/(-133) + (4/(-7))/2. What is the greatest common divisor of 36 and o?
9
Suppose 25*x - 29*x + 2*f + 140 = 0, x + 4*f = 44. Suppose -2*n + 6*n = 8. What is the highest common factor of x and n?
2
Let j = 450 - 414. Calculate the greatest common divisor of 3708 and j.
36
Let i = -3 - -26. Suppose -2*q - 11 = -3*q. Let h = i - q. What is the highest common factor of 84 and h?
12
Suppose -2*z + 0*z + 75 = j, 0 = -5*z + 15. Let n = -21 + j. Suppose 3*g = -g + n. Calculate the greatest common divisor of g and 96.
12
Let y(a) = 19*a + 19. Let b be y(11). What is the greatest common factor of 190 and b?
38
Let k be 18/(-8)*2/(-3)*6. Suppose -6 = 2*t - 3*t. Suppose -t*m + k*m = 144. Calculate the greatest common divisor of m and 12.
12
Suppose 19 + 11 = -5*z. Let h be (12/(-10))/(z/(-240)). Let u be (2/4)/((-4)/h). Calculate the highest common factor of 4 and u.
2
Let b(h) = -h**3 + h**2 - h - 5. Suppose -6 = -f + 2*f. Let k be b(f). Let w be -3*((-55)/15 - 4). Calculate the highest common divisor of k and w.
23
Let b(p) = -9*p + 15 - p**2 - 6*p + 4*p. Suppose -23*d - 48 = -19*d. Let g be b(d). Calculate the greatest common factor of g and 3.
3
Let v(k) = -12*k + 328. Let q be v(21). Calculate the greatest common factor of q and 646.
38
Let a = 33 - 31. Suppose -f = -4*v + 1, 4*v = -a*f + 9 + 1. Calculate the greatest common factor of 21 and f.
3
Let b(d) be the first derivative of -d**3/3 - 5*d**2/2 - 2. Let r be b(-4). Let p(v) = v + 1. Let h be p(9). Calculate the greatest common divisor of h and r.
2
Let v(q) = 2*q**2 - 24*q + 57. Let p be v(11). What is the greatest common factor of p and 21?
7
Let b be (-2)/(-5) + 19 + 3097/95. What is the highest common factor of b and 36?
4
Let o be ((-754)/(-117))/((-10)/(-45)). Let n be (-1 - -1) + 1 + 289. Calculate the greatest common factor of n and o.
29
Suppose j + u + 4 = 0, -3*j - u - 1 = 3. Suppose -4*q + 35 + 13 = j. Calculate the highest common factor of 96 and q.
12
Let g = -965 - -1169. What is the greatest common factor of 17 and g?
17
Let k = 91 - -62. Suppose 2 + 46 = 3*a. Suppose u - a = 1. Calculate the highest common factor of k and u.
17
Let a be -1 - (1 - 28/(-4))/(-2). Let g be 2004/30 - a/((-15)/(-4)). What is the greatest common factor of 6 and g?
6
Let n(a) = a**3 + 12*a**2 + 11*a + 15. Suppose 5*y - 7*y = 22. Let t be n(y). Let o be ((-2)/(-6))/((-2)/(-18)). Calculate the highest common factor of t and o.
3
Suppose a = -4*a + 30. Let d be (-2 + -2)/(a/(-48)). Calculate the greatest common factor of d and 4.
4
Let u = -323 + 611. Suppose 0 = 4*s - s - 144. What is the highest common factor of s and u?
48
Let b be (6645/(-10))/((-3)/12). Suppose -654 = -4*z - b. Let t be (-5)/(-10) + z/(-6). What is the greatest common factor of t and 12?
12
Suppose -5*u + 17*u - 528 = 0. Calculate the highest common divisor of 110 and u.
22
Let u(j) = j**3 - 4*j**2 + 4*j - 3. Let z be u(3). Suppose z = 7*q - q - 528. What is the greatest common divisor of 22 and q?
22
Suppose -4*o = -o - 33. Let s be (2 + 1)*4/((-24)/(-10)). Suppose -19 = -s*d + 146. What is the greatest common factor of o and d?
11
Let d = -6 + 10. Suppose 0 = -5*a - 96 + 351. Suppose 0 = 2*u + 3*i - a, -2*i = 1 - 3. Calculate the greatest common divisor of u and d.
4
Let z(t) = -t**3 - t + 7. Let p be z(0). Suppose 3*k = p*k. Suppose 4*y + j + 3*j - 496 = k, j - 600 = -5*y. Calculate the greatest common divisor of y and 17.
17
Suppose 161 + 47 = 4*o. Suppose 23*m + o = 25*m. What is the highest common factor of 13 and m?
13
Let i = 7 + 22. Let n(m) = 2*m**2 - 8*m + 5. Let q be n(4). Let z be q/20 + 345/12. What is the highest common divisor of i and z?
29
Suppose m - c = 91, 3*m + 4*c - 274 + 29 = 0. Suppose 3*r + 0*r = 5*d + 67, -5*r - 4*d + m = 0. Let w = r - 14. Calculate the highest common factor of 